 j?
3, 7
Suppose 10*i - 249 = 441. Let t = -71 + i. List the prime factors of ((-1)/t + (-114)/(-4))/1.
29
Suppose -4*m - 1868 = -2*n, 36*m + 8 = 40*m. Suppose -3*d - 2*q + 637 = 0, 5*d - 123 = -4*q + n. What are the prime factors of d?
3, 71
What are the prime factors of 1663 - ((-4)/(-10) + (870/75 - 6))?
1657
Suppose -5*i - 8 = 2*j, 3*i - 7*i + 5*j = 13. Let m be (6/i - -2)/(6/1614). List the prime factors of m*3*(40/15 - 3).
269
Suppose 165*t - 20 = 170*t. What are the prime factors of (-2)/(0 + (-294)/(-77) + t)?
11
Let r = 56 + -106. Let g = r + 53. Suppose 0 = g*p - 0*p - 345. What are the prime factors of p?
5, 23
Let w(g) = 2*g**3 - 7*g**2 - 5*g + 33. Let f(j) = j**3 - 4*j**2 - 3*j + 17. Let s(l) = -5*f(l) + 3*w(l). What are the prime factors of s(7)?
2, 7, 11
Let v = 440 + -308. Let w(q) = q**3 + 6*q**2 - 8*q - 3. Let u be w(-7). Suppose 2*x - u*x + v = 0. List the prime factors of x.
2, 3, 11
Let u = -10 - -92. Let t = u - 74. Suppose 0 = n - 3*x - 77 - t, n - 4*x = 81. What are the prime factors of n?
97
Suppose -4*d = 3*f - 913, 0 = 2*d - 2*f - f - 443. Suppose b - d = 407. List the prime factors of b.
3, 211
Let t(l) = -12*l + 1. Let w(h) = h - 1. Let u(n) = -2*n - 11. Let r be u(-5). Let i(x) = r*t(x) + 6*w(x). List the prime factors of i(3).
47
Suppose -6*b = -b + 55. Let x(p) = -p**2 - 17*p - 40. What are the prime factors of x(b)?
2, 13
Let x(m) = 3480*m**2 - 28*m + 93. List the prime factors of x(3).
3, 59
Let p = 12121 + -7697. What are the prime factors of p?
2, 7, 79
Let u be (-1)/(-2)*2*330/5. List the prime factors of (5 - u/4)*-34.
17, 23
Let a = -7822 + 37881. List the prime factors of a.
30059
Let r(f) = f - 11. Let c be r(15). Let g be c/(-18) - 76/(-18). List the prime factors of g*245/56*(-2)/(-5).
7
Suppose 3*i = -5*p + 9162, 0 = 5*i - 141*p + 140*p - 15326. List the prime factors of i.
2, 383
Let l(b) = 66*b**2 - 5*b - 36. Let c be l(7). Suppose c - 98 = 5*a. What are the prime factors of a?
613
Suppose -3*k = -2*o - 1054, k - o = -6*o + 323. Suppose -446 + k = -2*s. List the prime factors of s.
7
Let m be (42/9 - 4)*84. Suppose -128 = -4*n + m. Suppose -s + 5*r = -119, s + n - 185 = r. List the prime factors of s.
2, 3
Let l be (-12)/(-2) + 8 + -10. Let b be 60/3 - l - 3. List the prime factors of b - (3 - (3 - 4)).
3
Suppose -m + 22 = -4*v - 329, m - 351 = 2*v. Suppose 52*q - 53*q = -m. List the prime factors of q.
3, 13
Let m(f) = 4 - 22 - 13*f + 18*f. Suppose -5*t + 14 + 71 = 0. List the prime factors of m(t).
67
Let x(k) = 187*k. Let m be x(-2). Let o = 482 + m. What are the prime factors of o?
2, 3
Suppose -19*d = -45*d - 20878. Let w = 1481 + d. List the prime factors of w.
2, 3, 113
Suppose 7*s = -22*u + 21*u + 17769, -5*s = 4*u - 71053. What are the prime factors of u?
2, 83, 107
Suppose 2*r + 5*p = -1901, 12 = 2*p + 6. Let u = r - -1368. What are the prime factors of u?
2, 5, 41
Suppose 2 = -y, 0*y = 4*u - y - 141110. What are the prime factors of u?
3, 11, 1069
Suppose 11*j - 1858 = 8350. Suppose 0 = -5*x + 157 + j. List the prime factors of x.
7, 31
Let r(f) = -4*f - 21. Let a be r(11). Let m = a - -70. Suppose -2*y + 25 = 3*q, m*q - 2*y - 16 = -1. List the prime factors of q.
5
Let u(j) = 104*j + 13. Suppose -3*o + 4 = -7*g + 3*g, 0 = -2*g - 3*o + 16. Let d be u(g). Let v = d - 93. What are the prime factors of v?
2
Suppose -4*d - 144748 = -3*i, 839*d = 4*i + 843*d - 193016. What are the prime factors of i?
2, 3, 4021
Suppose 4*f + i = -0*f + 48, f + i - 12 = 0. Let o = f - 3. Suppose 0 = o*m - 13*m + 136. What are the prime factors of m?
2, 17
Suppose 5*n = -2*t + 6397, 0 = -5*t - n + 25051 - 9024. Suppose -t = -3*a + 640. List the prime factors of a.
2, 641
Let p = 4 + 7. Let a = p + -13. List the prime factors of ((-10)/(-25))/(a/(-100)).
2, 5
Let l(m) = m**2 - 20*m - 67. Let z be l(23). What are the prime factors of (z/8*274)/(10/40)?
2, 137
Suppose -9*i - 865 = -14*i + 5*d, -2*i + 4*d = -344. Let k = i + -132. List the prime factors of k.
2, 3, 7
Let p(j) = -j**3 - 4*j**2 - 2*j + 14. Let b be p(0). Let c(s) = 33*s + 201. What are the prime factors of c(b)?
3, 13, 17
List the prime factors of 73/((-2482)/408)*(2 + 580/(-3)).
2, 7, 41
Suppose 5*n + 1 = -t + 5*t, -4*t - 49 = 5*n. Let l(i) = -i**3 - 10*i**2 - i**3 - 48*i + 46*i + 5. List the prime factors of l(t).
89
Suppose -2*k - 53 = -4*x + 147, k = 4. Suppose -3*z - p = -285, z + p = x + 43. Let d = z + -20. What are the prime factors of d?
3, 5
Let d(n) = 4*n + 26. Let v be d(-5). Let l(j) = j**2 - 12*j**3 + 5 - 5*j**3 + v*j**3 - 4*j**2. What are the prime factors of l(-2)?
3
Let y(j) be the first derivative of 2*j**3 - 9*j**2 + 257*j + 20. List the prime factors of y(12).
5, 181
Suppose -2*j - 3 - 3 = 0, -4*c = j - 253. Let d = 64 - c. Suppose d - 64 = -n - 2*k, 3*n + 4*k = 202. List the prime factors of n.
2, 37
Suppose 56841 - 3235 = 7*g. What are the prime factors of (-4)/22 - g/(-11)?
2, 3, 29
Let k = 19038 - 7872. List the prime factors of k.
2, 3, 1861
Suppose -3*w - m - 28 = -7*w, 0 = -3*w - 3*m + 6. Suppose -241 = w*x - 1399. What are the prime factors of x?
193
Suppose -4*h - 2*g + 14482 = 0, 18*h + 4*g - 14476 = 14*h. List the prime factors of h.
2, 1811
Suppose 0 = 2*j - 3*k + 24, j + 2*k = -4*j - 60. List the prime factors of 2 + 10565/30 + 2/j.
2, 3, 59
Suppose 826 = -3*y - 3*b + 4657, 3*y = -2*b + 3836. What are the prime factors of y?
2, 641
Let s be (-154)/(-1) + (-45)/(-15). Let i = 341 - s. What are the prime factors of i?
2, 23
Let j(z) = z**3 + 3*z**2 - 147*z + 43833. List the prime factors of j(0).
3, 19, 769
Let z be 13/39 + 77/3. Let k = 26 - z. Suppose -7*v + 4*v + 561 = k. List the prime factors of v.
11, 17
Suppose -3*k = -5*k + 4*z + 2940, 5*k - 7326 = 2*z. Suppose 0 = -33*y + 37*y - k. List the prime factors of y.
2, 3, 61
Let h be (-10)/(-4) + 2 + (-6)/4. Suppose h*i - 480 = -3*i. What are the prime factors of i?
2, 5
Let k be 371 + (1 + 5)*(-2)/3. Suppose -k*n = -358*n - 15570. What are the prime factors of n?
2, 5, 173
Suppose 0*y = -5*y + 5*i - 45, 37 = -3*y + i. List the prime factors of (-18336)/y - 6/(-21).
2, 5, 131
Suppose 5*r + 3518 = y, -y - 4*r + 442 = -3031. Suppose -2*g - 5*x = 3*g - 4400, 0 = 4*g - 5*x - y. List the prime factors of g.
877
Let v = 777 - 739. Let k(n) = -n**3 - 15*n**2 - 9*n + 2. Let a be k(-14). Let z = v - a. List the prime factors of z.
2, 53
Let c be ((-2)/(-8))/((-18)/(-144)). Suppose -79 = -w + c*r + 222, 6 = -2*r. What are the prime factors of w?
5, 59
Let l = 18491 - -14524. What are the prime factors of l?
3, 5, 31, 71
Let u(r) = 36*r**2 - 78*r - 4. What are the prime factors of u(-13)?
2, 3547
Suppose -20*t + 27*t - 59213 = 0. What are the prime factors of t/33*(-2 + 5)?
769
Let r(q) = -q**2 - 25*q - 124. Let v be r(-19). Let p(m) = -6*m**3 + m - 1. Let s be p(1). Let b = s - v. What are the prime factors of b?
2
Let m = -334 + 522. What are the prime factors of m?
2, 47
Let f = -19174 - -52855. List the prime factors of f.
3, 103, 109
Let b be 1 - (-13 + 7 + 4). Suppose 10*h = -5*p + 6*h + 4756, -b*p + 2853 = 3*h. List the prime factors of p.
2, 7, 17
Suppose -o + 4*x + 27 = 0, 4*o + 5*x - 31 = 77. Suppose 21*m + 1668 = o*m. List the prime factors of m.
2, 139
Let d(m) = m**3 - 4*m**2 - 18*m - 4. Suppose 3*a - 17 = -4*y, -2*a - 2 = -0*y - 4*y. Suppose 3*g = y*g + 8. List the prime factors of d(g).
2, 3
Suppose 5*s = 5*j + 5, 4*j + 11 = -1. What are the prime factors of (s + 1)*(30 + -244)?
2, 107
Suppose 2*u = s - 354, 4*s - 5*u - 1253 = 175. Suppose -19*q = -21*q + s. List the prime factors of q.
181
Let z = -176 + 193. Suppose 0 = -z*b + 13*b + 968. What are the prime factors of b?
2, 11
Let m(f) be the third derivative of f**5/60 + 5*f**4/8 - 19*f**3/6 + 2*f**2. Let k be (-17 + 11)*(4 - 1). List the prime factors of m(k).
5, 7
Let v = 41215 - 20555. What are the prime factors of v?
2, 5, 1033
Suppose 31*t - 27*t + 122746 = 30*t. List the prime factors of t.
4721
Suppose -725*j - 48382 = -742*j. What are the prime factors of j?
2, 1423
Suppose -27*f + 30*f = 99. Let u = 1 + f. Suppose 513 = u*m - 31*m. What are the prime factors of m?
3, 19
List the prime factors of ((-205639)/(-28))/29*(152 + 0).
2, 19, 1013
Let v = -41 - -27. Let b = v + 11. Let w(p) = 11*p**2 + 13